 composite?
False
Is 82837 a prime number?
True
Is 162697 composite?
True
Is 68339 a prime number?
False
Is 474911 a composite number?
False
Is 5513 a composite number?
True
Is 168667 a composite number?
True
Is 1133 prime?
False
Is 186419 a composite number?
False
Is 5191 prime?
False
Is 1458659 prime?
True
Is 228223 prime?
True
Is 15278 composite?
True
Is 1739 a prime number?
False
Is 2802979 composite?
False
Is 10239 composite?
True
Is 3943 prime?
True
Is 692585 composite?
True
Is 19841 prime?
True
Is 10454 prime?
False
Is 1582319 prime?
True
Is 983 prime?
True
Is 2202286 a prime number?
False
Is 432251 a prime number?
True
Is 7235 prime?
False
Is 378353 prime?
True
Is 2179 a prime number?
True
Is 218623 prime?
True
Is 26734 a prime number?
False
Is 101482 composite?
True
Is 261379 prime?
True
Is 328579 composite?
False
Is 5471 a prime number?
True
Is 78097 a composite number?
True
Is 1277 a prime number?
True
Is 125123 a prime number?
False
Is 11269 prime?
False
Is 4393 prime?
False
Is 4222 prime?
False
Is 187751 a composite number?
False
Is 52841 a prime number?
False
Is 3593 a composite number?
False
Is 87839 a composite number?
True
Is 94279 composite?
True
Is 2629 prime?
False
Is 284891 a composite number?
True
Is 505429 a prime number?
True
Is 24191 composite?
True
Is 62681 composite?
True
Is 140717 a prime number?
True
Is 5601 prime?
False
Is 9041 prime?
True
Is 175601 a composite number?
False
Is 17239 a prime number?
True
Is 67094 prime?
False
Is 64621 a composite number?
False
Is 24659 a prime number?
True
Is 2047 a composite number?
True
Is 99335 composite?
True
Is 40787 a composite number?
False
Is 144817 a prime number?
True
Is 132427 prime?
False
Is 85403 prime?
False
Is 3067 a composite number?
False
Is 33017 a composite number?
True
Is 8353 composite?
False
Is 3073309 a composite number?
True
Is 13349 a prime number?
False
Is 550561 prime?
False
Is 2461 a prime number?
False
Is 22921 composite?
False
Is 8663 a composite number?
False
Is 21415 composite?
True
Is 5543 prime?
False
Is 4327 a prime number?
True
Is 32647 prime?
True
Is 2841541 a prime number?
True
Is 1297841 a prime number?
True
Is 4831 a composite number?
False
Is 39503 composite?
False
Is 63989 composite?
True
Is 25837 a composite number?
True
Is 209317 a prime number?
True
Is 1757 composite?
True
Is 3299 prime?
True
Is 134527 composite?
True
Is 82261 a prime number?
True
Is 391267 composite?
True
Is 15479 composite?
True
Is 81083 prime?
True
Is 119569 composite?
False
Is 39959 prime?
False
Is 324667 prime?
False
Is 300227 prime?
False
Is 6997 a prime number?
True
Is 1416277 composite?
False
Is 690769 prime?
False
Is 41315 composite?
True
Is 5261 a prime number?
True
Is 2041693 a composite number?
False
Is 1561799 prime?
False
Is 472429 a prime number?
False
Is 12151 a composite number?
True
Is 136039 a prime number?
False
Is 9527 composite?
True
Is 2099 prime?
True
Is 8681 a prime number?
True
Is 31643 prime?
True
Is 6737 composite?
False
Is 41719 composite?
False
Is 14777 a prime number?
False
Is 3046 a prime number?
False
Is 260441 a prime number?
True
Is 84478 a composite number?
True
Is 138235 a composite number?
True
Is 5189 prime?
True
Is 5793 a composite number?
True
Is 281977 composite?
True
Is 37319 a prime number?
False
Is 34093 prime?
False
Is 7855 composite?
True
Is 9587 a prime number?
True
Is 89329 composite?
False
Is 304597 composite?
False
Is 84121 a composite number?
False
Is 644611 a composite number?
True
Is 11213 a composite number?
False
Is 304006 a composite number?
True
Is 356117 a composite number?
True
Is 164911 a prime number?
True
Is 380009 composite?
True
Is 994643 composite?
True
Is 21343 prime?
False
Is 551 composite?
True
Is 6913 a composite number?
True
Is 102293 a prime number?
True
Is 274403 a prime number?
True
Is 229135 composite?
True
Is 7331 a prime number?
True
Is 28399 a composite number?
True
Is 474629 prime?
True
Is 284979 prime?
False
Is 4393 composite?
True
Is 3821 composite?
False
Is 541 a prime number?
True
Is 26339 a prime number?
True
Is 9217 composite?
True
Is 6503 prime?
False
Is 3146909 composite?
False
Is 224227 a composite number?
True
Is 343219 prime?
True
Is 221 composite?
True
Is 1571 composite?
False
Is 8501 a composite number?
False
Is 74581 composite?
True
Is 31367 composite?
True
Is 3883 composite?
True
Is 820255 a composite number?
True
Is 1053737 a prime number?
True
Is 2521 a composite number?
False
Is 21377 a composite number?
False
Is 254083 prime?
True
Is 831461 prime?
True
Is 456583 a prime number?
False
Is 367909 prime?
True
Is 22339 prime?
False
Is 143609 composite?
False
Is 2291 prime?
False
Is 3102113 a composite number?
True
Is 36605 prime?
False
Is 395231 composite?
False
Is 109807 a composite number?
False
Is 119027 a composite number?
False
Is 775943 a composite number?
True
Is 58013 a prime number?
True
Is 53122 a prime number?
False
Is 1777 a composite number?
False
Is 28343 a prime number?
False
Is 880561 a composite number?
True
Is 566063 prime?
False
Is 36097 a composite number?
False
Is 6475387 composite?
False
Is 6121 a prime number?
True
Is 1183627 a composite number?
True
Is 98057 composite?
False
Is 210347 a prime number?
True
Is 27637 prime?
False
Is 808493 a prime number?
False
Is 14461 composite?
False
Is 380571 a prime number?
False
Is 10762 a composite number?
True
Is 340777 prime?
True
Is 20287 prime?
True
Is 89329 prime?
True
Is 1478 a prime number?
False
Is 155607 prime?
False
Is 48494 prime?
False
Is 1727 composite?
True
Is 18553 prime?
True
Is 89227 composite?
False
Is 8467 prime?
True
Is 55963 prime?
False
Is 38741 a composite number?
True
Is 26963 prime?
False
Is 1869943 prime?
False
Is 2691283 prime?
False
Is 152957 composite?
True
Is 6323 composite?
False
Is 3691 a prime number?
True
Is 2548703 prime?
True
Is 480005 composite?
True
Is 1765427 a prime number?
False
Is 2385947 a prime number?
True
Is 99707 a composite number?
False
Is 19289 a composite number?
False
Is 31043 a prime number?
False
Is 365861 prime?
False
Is 233183 a prime number?
True
Is 68023 prime?
True
Is 628085 composite?
True
Is 206431 prime?
False
Is 483409 prime?
True
Is 21767 composite?
False
Is 15859 a composite number?
False
Is 14039 a composite number?
True
Is 53 a composite number?
False
Is 50361 prime?
False
Is 505157 a composite number?
False
Is 176081 composite?
False
Is 4119 a composite number?
True
Is 907 a prime number?
True
Is 760423 a composite number?
False
Is 955355 composite?
True
Is 23131 a prime number?
True
Is 218531 composite?
False
Is 2245 a composite number?
True
Is 3131 prime?
False
Is 209 a composite number?
True
Is 116651 composite?
True
Is 7639 a composite number?
False
Is 183089 a prime number?
True
Is 11099 composite?
True
Is 53 a composite number?
False
Is 145693 prime?
False
Is 154571 composite?
False
Is 148453 a prime number?
False
Is 9253 composite?
True
Is 37651 a prime number?
False
Is 185293 a composite number?
True
Is 141711 a prime number?
False
Is 125462 a composite number?
True
Is 13901 prime?
True
Is 167309 a prime number?
True
Is 2101 a composite number?
True
Is 935107 a composite number?
False
Is 10553 a composite number?
True
Is 2365291 composite?
True
Is 41857 prime?
False
Is 370985 composite?
True
Is 396763 prime?
False
Is 38351 composite?
False
Is 31793 prime?
True
Is 46549 a prime number?
True
Is 235595 a prime number?
False
Is 11027 a composite number?
False
Is 323893 a prime number?
False
Is 542261 prime?
True
Is 11089 prime?
False
Is 21418 a composite number?
True
Is 8081 a prime number?
True
Is 1037437 composite?
False
Is 2189 a prime number?
False
Is 1589 a composite number?
True
Is 254557 prime?
True
Is 8002 prime?
False
Is 22187 composite?
True
Is 53201 a prime number?
True
Is 20849 a prime number?
True
Is 6797 a composite number?
True
Is 29441 composite?
True
Is 1972963 a composite number?
True
Is 1781 a prime number?
False
Is 15833 composite?
True
Is 488831 a composite number?
True
Is 331691 composite?
False
Is 129607 a composite number?
False
Is 550499 composite?
True
Is 18217 composite?
False
Is 1799 a prime number?
False
Is 2543201 a prime number?
True
Is 233879 composite?
False
Is 25391 composite?
False
Is 144895 a composite numb